
In base 5, what is -21121032132 - 100?
-21121032232
In base 13, what is -a263 - -b1?
-a182
In base 2, what is -1111 + 10000000100111001010111?
10000000100111001001000
In base 9, what is 12602 + -121085?
-107383
In base 13, what is -69 - c7709?
-c7775
In base 13, what is 2122599 - 3?
2122596
In base 12, what is 166892 + 5?
166897
In base 13, what is -c819 + -6064?
-15880
In base 13, what is -854 - -4198?
3644
In base 13, what is a - 1902253?
-1902246
In base 4, what is 0 + -113312330033200?
-113312330033200
In base 15, what is -1311 + -1960c?
-1a91d
In base 11, what is 860 - -2091?
2941
In base 5, what is 4 + -100122041?
-100122032
In base 5, what is 31312011241 - -20?
31312011311
In base 3, what is -12000 + -2012001121?
-2012020121
In base 8, what is 33575330 + -3?
33575325
In base 15, what is 58b + 274a?
2cd6
In base 7, what is -23 + 36101552?
36101526
In base 5, what is -114 - -144430420?
144430301
In base 16, what is 5 + be4e97?
be4e9c
In base 8, what is -17 + 513020?
513001
In base 4, what is -11101110 - 13320103?
-31021213
In base 2, what is -11 + 11110000101011010011001?
11110000101011010010110
In base 8, what is -20542 + -271?
-21033
In base 14, what is -205c2 - c?
-205d0
In base 13, what is 5b6bb - -36?
5b724
In base 2, what is -110 + -11101001010010010111111?
-11101001010010011000101
In base 12, what is 215 - 4bb96?
-4b981
In base 13, what is 4c3 - 5c212?
-5ba1c
In base 15, what is -1ed84 + 4e?
-1ed35
In base 13, what is 244 + 26c994?
26cc08
In base 10, what is -589458 - 17?
-589475
In base 5, what is -23402103000 - -1?
-23402102444
In base 4, what is 1022 - -10212120300?
10212121322
In base 13, what is -268a1 - 11?
-268b2
In base 11, what is -2a0941 + 6?
-2a0936
In base 6, what is -3050432 - -1424?
-3045004
In base 6, what is -1 - 1154344315?
-1154344320
In base 2, what is 10111110010110 + 10010101?
11000000101011
In base 13, what is 13c - 1bbc86?
-1bbb47
In base 10, what is -1702 + -645555?
-647257
In base 14, what is -43 + 69d41?
69cdc
In base 9, what is 214 - -134056?
134271
In base 9, what is 0 - 700086?
-700086
In base 10, what is 1260 + -639403?
-638143
In base 11, what is -3 + -18574054?
-18574057
In base 12, what is -119 - 15495?
-155b2
In base 3, what is 11211101001 + -2022011?
11202001220
In base 7, what is 10 + -141461066?
-141461056
In base 16, what is 50ae5f1 - 0?
50ae5f1
In base 12, what is -205b8a6 - 2?
-205b8a8
In base 16, what is 9d611a - 1?
9d6119
In base 10, what is -11 - -378089?
378078
In base 15, what is -464d8 - -bb?
-4641c
In base 5, what is -11443001023 + 4?
-11443001014
In base 11, what is -87 + 66583?
664a7
In base 8, what is 11 - -33224?
33235
In base 2, what is -1100101000011010100 + -110010000?
-1100101001001100100
In base 4, what is 10 - -120121111022?
120121111032
In base 15, what is 3cc0 - ca48?
-8c78
In base 13, what is 29a + -35420?
-35153
In base 5, what is 1 - 103221244042?
-103221244041
In base 14, what is -cc - -1346c?
13380
In base 4, what is -10131032 + 12313?
-10112113
In base 8, what is -5024 - 12102?
-17126
In base 6, what is -20313122533 + 2?
-20313122531
In base 2, what is -11110101100110010101010110 - -1?
-11110101100110010101010101
In base 14, what is 4798 + 214?
49ac
In base 5, what is -4040 + -32202244?
-32211334
In base 11, what is -1a638aa4 + 2?
-1a638aa2
In base 13, what is -1 + 2309073?
2309072
In base 9, what is -32 + 465626?
465584
In base 12, what is 1094 + -189b?
-807
In base 8, what is 20554331 + 3?
20554334
In base 2, what is -1000111111111111100 - -110?
-1000111111111110110
In base 5, what is 1 - -3440001143?
3440001144
In base 12, what is -20b + -1a84?
-2093
In base 7, what is 14 + 345454655?
345455002
In base 14, what is 3 - 1654d4d?
-1654d4a
In base 6, what is 1350502141 - 0?
1350502141
In base 4, what is 333 + 332330330?
332331323
In base 9, what is 3170683 - 1?
3170682
In base 3, what is -2212112201 + 1010112?
-2211102012
In base 12, what is 4866a7 - -10?
4866b7
In base 4, what is -2212130 - -1021123?
-1131001
In base 5, what is -1 - 4224312440?
-4224312441
In base 15, what is -273 + 2c5ce?
2c35b
In base 2, what is 110110 + 10100001010100010010?
10100001010101001000
In base 10, what is 1592 - 215011?
-213419
In base 7, what is -6342414 + -4?
-6342421
In base 7, what is -33 + -2106313?
-2106346
In base 4, what is -133 + -21100213?
-21101012
In base 2, what is -10100 + -110010101001101111010000?
-110010101001101111100100
In base 3, what is -2001020000022120 + -10?
-2001020000022200
In base 9, what is 434 - -8268?
8713
In base 5, what is 4202 + 2003312?
2013014
In base 2, what is 1 + 10011101010001011111001?
10011101010001011111010
In base 8, what is 32451016 + 2?
32451020
In base 8, what is 301046 - 10665?
270161
In base 9, what is -35 - -20377788?
20377753
In base 2, what is 10010100010000011010001 - 1011?
10010100010000011000110
In base 4, what is 213203101 + -2020033?
211123002
In base 7, what is 131230232 - -6?
131230241
In base 5, what is 1030124331 - -121?
1030130002
In base 16, what is -5131be + -b?
-5131c9
In base 15, what is 2847 + 384c?
6194
In base 7, what is -122101453 - 2?
-122101455
In base 12, what is -4 + 2a1918?
2a1914
In base 15, what is -2bb + 3c601d?
3c5c52
In base 16, what is -69 + -1c54a8?
-1c5511
In base 5, what is -4201 + -40323423?
-40333124
In base 16, what is 4 - 291fb?
-291f7
In base 11, what is 19694 - -351?
19a35
In base 16, what is -2b4351 - aa?
-2b43fb
In base 5, what is -1231 - 102243?
-104024
In base 10, what is -62 + 91792?
91730
In base 15, what is 3 - c3e1d?
-c3e1a
In base 15, what is cba - -e3e1?
101ab
In base 14, what is 735a - 495?
6ca5
In base 8, what is 740 - -330465?
331425
In base 11, what is 3a0462 + -18?
3a0445
In base 5, what is 10 - 34111431200?
-34111431140
In base 5, what is -2211 + -3022314?
-3030030
In base 5, what is -143003300 + -34?
-143003334
In base 13, what is -14833 - -325?
-1450b
In base 11, what is 1632388 - 2?
1632386
In base 2, what is -1000 + -101111001001111000?
-101111001010000000
In base 16, what is -4b0daf - 2?
-4b0db1
In base 8, what is 6 - -22360460?
22360466
In base 5, what is 1024112 + -2030?
1022032
In base 12, what is a - -557172?
557180
In base 5, what is 1343220 + -443?
1342222
In base 12, what is 2 + -24b9baa5?
-24b9baa3
In base 4, what is 3022210 + 22101?
3110311
In base 6, what is -104503240 + -33?
-104503313
In base 4, what is -11 + 1233310120?
1233310103
In base 3, what is -110022122022 + 1000?
-110022121022
In base 11, what is -3171 - -225a87?
222916
In base 7, what is -142 - -13053040?
13052565
In base 11, what is -15023075 + 12?
-15023063
In base 10, what is 6447072 - -7?
6447079
In base 12, what is -18 - -5b6996?
5b697a
In base 6, what is -24 + 33351450?
33351422
In base 6, what is 245140042 + 31?
245140113
In base 9, what is -11803682 - -2?
-11803680
In base 6, what is -213424 + 510034?
252210
In base 8, what is -155243052 + -3?
-155243055
In base 4, what is 11312033221030 - 13?
11312033221011
In base 8, what is -5 - 1315566406?
-1315566413
In base 8, what is -277066 - 133?
-277221
In base 5, what is -1 + 1331242002?
1331242001
In base 14, what is -2683bad - -2b?
-2683b82
In base 2, what is -1100 + -110100110110100000100010?
-110100110110100000101110
In base 10, what is -4468 - -5740?
1272
In base 5, what is 102030131124 + 4?
102030131133
In base 9, what is 6057482 - 108?
6057373
In base 3, what is -1 + 12222012021222211?
12222012021222210
In base 5, what is 13433442 + 141304?
14130301
In base 2, what is -10 + 101000001001011111?
101000001001011101
In base 14, what is -2 - -45ca7ad?
45ca7ab
In base 15, what is -2 + -bc851?
-bc853
In base 3, what is -102000121011111 - -11?
-102000121011100
In base 15, what is -2 - 33e530b?
-33e530d
In base 7, what is 10663 + -402202?
-361206
In base 13, what is 4b7c9 - -9?
4b805
In base 12, what is -38 - 34893?
-3490b
In base 7, what is -1221 - 442120?
-443341
In base 7, what is -55 + -2302113?
-2302201
In base 8, what is 2 + 215524045?
215524047
In base 2, what is 1001100110110101110 + 10110101?
1001100111001100011
In base 2, what is -100101101010100001110110 + 0?
-100101101010100001110110
In base 14, what is -5 - 2c25736?
-2c2573b
In base 11, what is 235495 - -18?
235502
In base 2, what is -10 - -10100011101111001111?
10100011101111001101
In base